 p(s) = -s**3 + 6*s**2 + 7*s - 7. Let k be p(7). Let w = k + 16. Calculate the remainder when w is divided by 4.
1
Let s = -30 - -52. Let y = 2 + -7. Calculate the remainder when (y - -12)*12/2 is divided by s.
20
Let b be 6/(-15) + (-18)/5. Let c = b - -22. Calculate the remainder when 34 is divided by c.
16
Calculate the remainder when 28 is divided by 13/(78/60) - 0.
8
Calculate the remainder when (0 - -82) + (-27)/9 is divided by 27.
25
Suppose -146 = -5*f + 44. Let a = -27 + f. What is the remainder when 31 is divided by a?
9
Let z(j) = j**2 - 3*j - 4. Let t be z(3). Let n(s) = -s**2 - 6*s - 5. Let g be n(t). Calculate the remainder when (-5)/(0 - g/12) is divided by 7.
6
Let t(g) be the first derivative of -g**4/4 - 5*g**3/3 + 5*g - 1. Calculate the remainder when (-1)/2 - -27*(-4)/(-8) is divided by t(-5).
3
Suppose 0*h + 20 = 4*h. Let b(w) = -w**3 + 9*w**2 - 7*w - 5. Let u be b(8). What is the remainder when h is divided by 1/(33/(-12) + u)?
1
Let u(w) = 2*w**2 - 2*w - 2. Let b be u(2). Let y(m) = 4*m**2 + 3*m**2 - m**b - m**2 + 4*m. Calculate the remainder when y(-3) is divided by 17.
16
Suppose 2*u + 1 = -5*r + 110, -3*u + 111 = 5*r. Suppose 5*z + r = 6, 4*h = z + 79. What is the remainder when h is divided by 7?
5
Suppose -5*c + 24 = 3*p, p = -4*c + 6*p - 3. Suppose 2*d = c*d - 4. Suppose 5*q - 10 = -0. Calculate the remainder when d is divided by q.
0
Let c(h) = 8*h + 2. Suppose -7*d - 5*r = -2*d - 15, 5*d = 2*r + 1. Let n = d + 8. Calculate the remainder when c(3) is divided by n.
8
Let k(v) = -13*v + 19. What is the remainder when k(0) is divided by 12?
7
What is the remainder when 83 is divided by (-6 - (-3 + 4))*-1?
6
Let z(w) = w + 8. Let d be z(7). Let o = d - 9. Calculate the remainder when 3*6/9 - -9 is divided by o.
5
Suppose 0 = -7*i + 8 + 97. Calculate the remainder when i is divided by 5.
0
Let g = -36 + 41. What is the remainder when 14 is divided by g?
4
Suppose 15*k = 10*k + 50. What is the remainder when 49 is divided by k?
9
Suppose 2*g + 0*g = f - 1, -4*g - 24 = -4*f. What is the remainder when 40 is divided by f?
7
Suppose -61*j - 45 = -64*j. Calculate the remainder when 33 is divided by j.
3
Let g(k) = 4*k**2. Let v be g(2). Let h = v + -2. Calculate the remainder when 264/6 + -6 + 3 is divided by h.
13
Suppose 8*r - 4*r = 0. Suppose -3*g = r, -g - 72 = -4*c - 0*g. Calculate the remainder when 69 is divided by c.
15
Suppose 5*g - g + 45 = z, -3*z = -5*g - 142. Calculate the remainder when z is divided by 13.
10
What is the remainder when 7/((-2)/10 + (-6)/(-15)) is divided by 13?
9
Let s(x) = 2*x**3 - x. Let c be s(1). Let w = 6 - c. Let u(n) = n**3 + 4*n**2 - n - 2. Calculate the remainder when w is divided by u(-4).
1
Let m(y) = y**3 - y**2 - 4*y + 3. Let f be (-3 - 1)/(2/(-3)). Suppose 0 = 2*o - 0*o - f. What is the remainder when 17 is divided by m(o)?
8
What is the remainder when 8 is divided by 0 - -1 - (-8 + 3)?
2
Suppose -4*c + 96 = 4*c. Calculate the remainder when 12 is divided by c.
0
Calculate the remainder when 10/40 + 139/4 is divided by 10.
5
Suppose 33 = 7*d - 226. Calculate the remainder when 257 is divided by d.
35
Suppose -2*r + 6 + 4 = -5*q, 4*r + q - 64 = 0. Suppose -5*p + v = -0*v - 207, 4*v = p - 49. Calculate the remainder when p is divided by r.
11
Let u = 7 + 48. What is the remainder when u is divided by 14?
13
Let o be 0/((-1 + 2)*1). Suppose o*t - 10 = -2*t. Calculate the remainder when 9 is divided by t.
4
Calculate the remainder when 12/(4 - 1) + 28 is divided by 11.
10
What is the remainder when 26 is divided by 3/4*204/18*2?
9
Suppose -3*o = 48 - 198. Calculate the remainder when o is divided by 13.
11
Let k(s) = -s**2 + s + 45. Let i(g) = g**2 - g - 45. Let h(u) = 2*i(u) + 3*k(u). Let q be (-4)/14 + 10/35. Calculate the remainder when h(q) is divided by 23.
22
Let o be 3/(-1)*(-5 + 6). Calculate the remainder when 5 + 2 + o + 0 is divided by 3.
1
Calculate the remainder when 18 - 14 - 5/(-1) is divided by 5.
4
Let s be 15/(-4) - (-2)/(-8). Calculate the remainder when 26 is divided by s - -5 - (-9 + 1).
8
Suppose 3*f = 54 + 42. Suppose -3*k = -f + 8. Suppose 5 - 27 = -p. What is the remainder when p is divided by k?
6
What is the remainder when 21 is divided by (12/(-36))/(2/(-66))?
10
Suppose 2*r + 5*o + 28 = 0, 0 = -4*r - o - 0*o - 38. Let v = 12 + r. What is the remainder when 10 is divided by v?
1
What is the remainder when (5 + 2 + 0)*(-192)/(-14) is divided by 20?
16
Let u = 8 + -2. Let b be 1 - -34*(-3)/u. Let n = 30 + b. Calculate the remainder when 53 is divided by n.
11
Let q(h) = -61*h - 13. Let g(j) = -31*j - 6. Let c(w) = -13*g(w) + 6*q(w). What is the remainder when c(1) is divided by 13?
11
Suppose 0 = -4*i + 11 + 13. Let n = i - 4. What is the remainder when 23 is divided by 24/18*3*n?
7
Suppose 37 = -5*o - 2*u, -3 = -5*u + 17. What is the remainder when 14/4 + o/(-6) is divided by 2?
1
Calculate the remainder when 724/6 + 4/12 is divided by 25.
21
Let s = -13 - -29. Suppose -20 = -3*b + 7. What is the remainder when s is divided by b?
7
Suppose 3*h - h - 6 = 0. Let t(a) = a**2 - a + 3. Let v be t(h). Suppose -5*q + v = -66. What is the remainder when q is divided by 8?
7
Let p(d) = -d + 5. Suppose 3*o - m = -3 + 20, 4*o + 5*m - 29 = 0. Calculate the remainder when p(-4) is divided by o.
3
Let p = 3 + 2. Suppose -2*n + 91 = 2*o - 7, 3*n - 3*o = 153. Suppose -3*l - n = -p*l. Calculate the remainder when l is divided by 13.
12
Suppose 0 = 13*h - 9*h - 60. Calculate the remainder when h is divided by 4.
3
Let j(z) = 29*z**2. Let x = 55 + -39. Suppose 3*l - x = l. Calculate the remainder when j(1) is divided by l.
5
Let d(j) = -j**3 - 11*j**2 - 10*j + 4. Calculate the remainder when 8 is divided by d(-10).
0
Let h = 16 - 9. Let b = h - -7. Calculate the remainder when 26 is divided by b.
12
Let u = -4 - -4. Let d be u + 0/(-3) - -3. Suppose -6 = -d*z - 0. What is the remainder when 3 is divided by z?
1
Let c(t) = -t**3 - 5*t**2 + 5*t + 3. Suppose -5*n = 3*y + 18, 0 - 12 = 2*y - 2*n. Calculate the remainder when 16 is divided by c(y).
7
Suppose 5*o = y - 34, y - 4*y + 74 = -o. Calculate the remainder when y is divided by 13.
11
Calculate the remainder when 4/6*(-24)/(-16) is divided by 1.
0
Let z(t) = -3*t + 5. Let d be -6*3*(-2)/(-12). Calculate the remainder when 27 is divided by z(d).
13
Suppose 4*z = 2*v - 70, -2*v = -5*z - 13 - 52. What is the remainder when v is divided by 12?
9
Let h = -4 - -10. Calculate the remainder when h is divided by 8/(-6)*(2 + -5).
2
Suppose 0 = 4*c + 20, -5*z + 4 + 1 = 4*c. Suppose 5*f - 200 = z*x, -3*x - 2*x = 3*f - 136. Let n = f - 27. Calculate the remainder when n is divided by 8.
7
Let d(z) = -z**3 - 3*z**2 - 3*z - 3. What is the remainder when 15 is divided by d(-3)?
3
Suppose 4*m - 155 = -39. What is the remainder when m is divided by 16?
13
Let k(j) = j**3 + 9*j**2 + 3. Suppose 7*s = 6*s + 2. What is the remainder when k(-9) is divided by s?
1
Suppose 1 - 9 = 4*r. Let w be 4/(-22) + (-27)/33. Let l = w - r. Calculate the remainder when 2 is divided by l.
0
Suppose 41*g = 43*g - 152. Calculate the remainder when g is divided by 11.
10
Let d be 3 - 2 - (-3 - 1). Let m = d - -2. Calculate the remainder when 26 is divided by m.
5
Let v be (-5)/2*24/(-30). Let x(z) = -3*z + 2. Let r be x(v). Calculate the remainder when 2 + 2 + r - -42 is divided by 11.
9
Let l = 82 - 59. Suppose -4*h + 11 + 0 = 3*r, -l = -4*h + r. Calculate the remainder when 8 is divided by h.
3
Suppose f - 20 = -f. Suppose r + f = 6*r. Suppose 6 = t - r. What is the remainder when t is divided by 5?
3
Suppose 3*m - 12 = -m. Suppose -5*i + m*i = -42. Let p = i - 8. Calculate the remainder when 37 is divided by p.
11
Let x = -30 - -50. What is the remainder when x is divided by 7?
6
Suppose u - 9 = 4. What is the remainder when 25 is divided by u?
12
Let q = -62 - -129. What is the remainder when q is divided by 17?
16
Suppose -3*b + 27 = 4*a + 4, 4*a + 5*b = 33. Suppose 4*f - a*h = 170, 0*f + 5*h - 250 = -5*f. Calculate the remainder when f is divided by 16.
13
Let h be (-19)/4*(0 - -4). What is the remainder when 13 is divided by h/(-7) - 4/(-14)?
1
Suppose 0 = 3*a - 5*i + 9, -a + 7*i = 2*i + 13. Calculate the remainder when 8 is divided by a - (2 + (-7 - -2